m) = m**3 - 17*m**2 + 178*m - 3027. What is o(17)?
-1
Let n(t) = t**3 + 22*t**2 + 39*t - 29. Calculate n(-22).
-887
Let n(l) = 11*l**3 - 1098*l**2 - 199*l - 106. Calculate n(100).
-6
Let y(r) = -r**2 + 9*r + 4010. What is y(-59)?
-2
Let n(g) = 23*g + 37. What is n(8)?
221
Let g(v) = 3267*v - 88226. Calculate g(27).
-17
Let n(y) = -y**3 - 10*y**2 + 9*y + 1. Determine n(-10).
-89
Let c(g) = -602*g + 2830. What is c(5)?
-180
Let p(w) = 65*w**2 - 32*w - 35. What is p(-1)?
62
Let b(k) = -4*k**2 + 112*k + 129. Calculate b(29).
13
Let z(f) = -12*f - 164. Determine z(6).
-236
Let p(s) = s**3 - 17*s**2 + 48*s - 44. Determine p(13).
-96
Let u(k) = 9*k**3 + 5*k**2 + 7*k - 5. Calculate u(-2).
-71
Let t(f) = -4*f**3 - 18*f - 18. Calculate t(-1).
4
Let f(g) = g**3 - 65*g**2 + 942*g + 1009. Give f(24).
1
Let b(i) = -i**3 + 5*i**2 + 7*i - 42. Give b(5).
-7
Let u(g) = -g**3 + 8*g**2 - 31*g + 159. Determine u(7).
-9
Let q(f) = 9*f**2 + 4*f - 16. Give q(4).
144
Let v(w) = -w**3 + 27*w**2 + 219*w - 1889. Give v(32).
-1
Let c(p) = 24*p - 95. Give c(15).
265
Let i(n) = -2*n**2 + 3*n + 95. What is i(-11)?
-180
Let x(h) = 240*h + 4. What is x(-2)?
-476
Let z(m) = m**2 + 7*m - 549. Calculate z(20).
-9
Let l(u) = 100*u**3 + 2*u**2. Give l(1).
102
Let k(r) = -88*r + 3263. Determine k(37).
7
Let d(b) = 15*b**2 + 4*b + 39. Give d(-4).
263
Let u(g) = 705*g - 42997. Calculate u(61).
8
Let z(r) = -204*r - 111. What is z(-2)?
297
Let y(u) = -2368*u + 2362. What is y(1)?
-6
Let h(j) = -5*j**2 + 110*j - 94. Determine h(21).
11
Let j(v) = -v**3 + 82*v**2 + 181*v - 1078. Determine j(84).
14
Let o(v) = 14*v**2 + 5*v + 2. What is o(-2)?
48
Let l(u) = -2*u**3 - 10*u**2 - 11*u + 4. Calculate l(-3).
1
Let a(s) = -s**2 - 47*s + 633. Determine a(-60).
-147
Let p(a) = -97*a - 8240. Give p(-85).
5
Let t(g) = -19*g**3 + 4*g**2 - g - 12. What is t(2)?
-150
Let w(g) = -g**3 - 44*g**2 - 307*g + 57. Give w(-9).
-15
Let y(h) = -8*h + 17. Determine y(17).
-119
Let b(l) = -38*l + 15. Give b(5).
-175
Let m(y) = 14*y + 826. Determine m(-59).
0
Let y(o) = -o**2 + 1203*o - 1204. What is y(1)?
-2
Let v(h) = -33*h**2 - 6*h + 12. Determine v(-1).
-15
Let n(j) = -4*j**3 + 7*j**2 + 25*j - 11. Determine n(-4).
257
Let n(j) = -j**2 - 43*j - 357. Calculate n(-12).
15
Let m(v) = v**3 - 10*v**2 - 31*v + 46. Calculate m(9).
-314
Let k(a) = a**3 + 23*a**2 + 98*a + 7. Give k(-6).
31
Let j(r) = 14*r + 37. Give j(-6).
-47
Let i(b) = -15*b - 23. Calculate i(14).
-233
Let q(f) = -f**2 + 113*f - 432. Give q(4).
4
Let a(p) = -2*p**3 - 27*p**2 - 8*p + 72. Determine a(-13).
7
Let n(a) = -a**2 + 27*a + 193. Give n(29).
135
Let y(j) = 2*j**2 - 182*j + 214. Give y(90).
34
Let b(r) = -r**3 + 9*r**2 + 48*r - 91. What is b(12)?
53
Let u(p) = p**2 - 37*p + 284. Give u(15).
-46
Let g(n) = 5*n**2 - 62*n + 16. What is g(12)?
-8
Let u(t) = -5*t**3 + 20*t**2 + 19*t + 34. Determine u(5).
4
Let d(n) = -403*n - 10058. What is d(-25)?
17
Let n(j) = -5*j**2 + 41*j + 18. Give n(9).
-18
Let q(i) = -i**3 + 11*i**2 - 25*i - 30. Calculate q(9).
-93
Let o(d) = 16*d**3 - 403*d**2 + 78*d - 74. What is o(25)?
1
Let s(n) = n**2 - 1346*n - 6767. What is s(-5)?
-12
Let z(m) = m**3 + 8*m**2 - 119*m - 791. Calculate z(-6).
-5
Let r(b) = b**3 + 7*b**2 + 26*b + 396. What is r(-9)?
0
Let q(t) = -57*t - 1220. Calculate q(-23).
91
Let w(p) = 4*p**2 - 21*p - 12. Calculate w(8).
76
Let j(k) = -k**3 - 25*k**2 + 59*k + 218. Give j(-27).
83
Let c(b) = 2*b**3 + 57*b**2 + 7*b - 142. Determine c(-28).
446
Let n(m) = m**3 + 23*m**2 - 2*m - 2. Determine n(-23).
44
Let t(l) = 3*l**2 - 11*l - 24. Determine t(-3).
36
Let k(d) = -d**3 + 9*d**2 - 11*d - 51. What is k(6)?
-9
Let j(w) = -w**2 - 25*w - 71. Calculate j(-24).
-47
Let h(x) = 8*x + 89. Give h(-14).
-23
Let l(w) = w**3 + 25*w**2 + 56*w - 12. What is l(-3)?
18
Let d(b) = 278*b + 2778. What is d(-10)?
-2
Let b(v) = v**2 + 12*v - 101. Determine b(6).
7
Let x(a) = -a**3 - 11*a**2 + 9*a + 45. Calculate x(-6).
-189
Let j(d) = d - 53. Determine j(56).
3
Let w(y) = y**3 + 4*y**2 + 4*y + 7. Determine w(-3).
4
Let f(z) = 4*z - 55. What is f(-43)?
-227
Let h(k) = -8*k**2 - 88*k + 462. What is h(5)?
-178
Let g(t) = -t**3 - 29*t**2 + 63*t + 62. What is g(-31)?
31
Let w(b) = -30*b - 126. What is w(-4)?
-6
Let j(a) = 457*a**2 + 5484*a + 7. Determine j(-12).
7
Let j(l) = 229*l - 24728. What is j(108)?
4
Let g(s) = 683*s + 1600. Calculate g(-3).
-449
Let r(p) = -57*p**2 - 543*p - 4. Calculate r(-10).
-274
Let v(u) = 222*u - 2653. What is v(12)?
11
Let u(p) = -p**2 + 38*p - 135. Give u(34).
1
Let t(b) = -2*b**2 + 27*b - 218. Calculate t(6).
-128
Let f(z) = -z**3 + 45*z**2 - 40*z - 173. What is f(44)?
3
Let d(z) = z**2 - 171*z + 4560. What is d(33)?
6
Let t(i) = 389*i + 1550. Calculate t(-4).
-6
Let r(o) = -o**3 - 47*o**2 + 3*o + 102. Give r(-47).
-39
Let z(o) = -2*o**3 - 366*o**2 - 366*o - 358. Calculate z(-182).
6
Let q(m) = -2*m**3 - 68*m**2 - 19*m - 643. Determine q(-34).
3
Let t(h) = -h**3 + 9*h**2 + 492*h - 61. Calculate t(27).
101
Let d(i) = 2*i**3 - 21*i**2 + 5*i + 19. Calculate d(8).
-261
Let x(i) = 2722*i + 35384. Give x(-13).
-2
Let f(z) = -z**3 + 72*z**2 - 143*z + 216. Give f(70).
6
Let l(r) = -r**3 - 37*r**2 + 120*r - 19. Determine l(-40).
-19
Let m(g) = g**2 + 21*g - 299. Give m(10).
11
Let y(f) = 11*f - 58. Determine y(-25).
-333
Let q(w) = -w**3 - 12*w**2 + 8*w + 95. Determine q(-12).
-1
Let t(f) = 2*f**3 + 13*f**2 - 5*f - 3. Determine t(-7).
-17
Let y(h) = 318*h + 929. Determine y(-3).
-25
Let b(o) = o**3 - 6*o**2 - 18*o + 88. Calculate b(6).
-20
Let f(q) = -2*q**3 + 3*q**2 + 119*q - 395. Determine f(5).
25
Let y(v) = -3*v - 415. Determine y(-137).
-4
Let u(s) = 6*s**2 - 29*s - 2. Calculate u(5).
3
Let f(m) = 2*m**2 + 98*m - 11. Determine f(-44).
-451
Let o(m) = m**2 + 13*m + 50. Give o(-13).
50
Let w(f) = -32*f**3 + 112*f + 111. Give w(-1).
31
Let f(a) = a**3 - 16*a**2 + 22*a - 146. Give f(14).
-230
Let s(v) = -v**3 - 20*v**2 + 34*v - 197. Calculate s(-22).
23
Let o(p) = -2*p**2 + 167*p + 607. Give o(89).
-372
Let p(d) = -d**3 - 32*d**2 + 2*d + 74. Calculate p(-32).
10
Let d(u) = -2*u**3 + u**2 - 21*u - 6. Give d(-4).
222
Let k(h) = -216*h - 87. Determine k(-2).
345
Let a(n) = n**2 - 65*n + 6. What is a(5)?
-294
Let w(n) = 2*n**2 - 159*n + 1654. Determine w(67).
-21
Let v(q) = -42*q**2 + 376*q + 35. Give v(9).
17
Let l(x) = 254*x - 6361. Calculate l(25).
-11
Let c(f) = 3*f - 88. What is c(20)?
-28
Let b(n) = 9*n**2 - 50*n - 151. Calculate b(-3).
80
Let p(m) = 16*m**2 + 53*m + 103. Give p(-2).
61
Let f(k) = -4*k**3 + 8*k**2 + 28*k + 36. What is f(-6)?
1020
Let z(o) = 3*o**2 - 7*o + 6. What is z(1)?
2
Let i(c) = c**3 - c**2 - 4*c - 11. What is i(4)?
21
Let x(m) = -8*m**2 + 14. Give x(3).
-58
Let i(n) = 2*n**3 + 171*n**2 - 86*n + 22. Determine i(-86).
22
Let z(b) = b**2 - 156*b - 4269. Calculate z(-24).
51
Let j(i) = i**2 + 38*i - 741. What is j(14)?
-13
Let x(z) = 157*z + 780. What is x(-5)?
-5
Let y(s) = -11*s**3 - 122*s**2 - 9*s + 16. What is y(-11)?
-6
Let a(z) = 7*z + 162. What is a(-31)?
-55
Let u(m) = 2*m**3 - 7*m**2 + m - 1. Determine u(3).
-7
Let g(u) = 292*u + 3205. Give g(-11).
-7
Let x(o) = 14*o**2 - 18*o - 3. Calculate x(2).
17
Let v(n) = -8*n**2 - 511*n - 2357. Determine v(-5).
-2
Let x(a) = 1049*a + 56650. Calculate x(-54).
4
Let y(a) = -4*a**3 - 111*a**2 - 81*a + 8. Give y(-27).
8
Let x(c) = -c**3 - 16*c**2 + 38*c + 20. Determine x(-18).
-16
Let i(y) = 3*y**3 - 17*y**2 + 12*y - 11. Give i(5).
-1
Let o(c) = c**3 + 18*c**2 - 31*c - 220. What is o(-19)?
8
Let a(i) = -i**2 + 50*i - 539. What is a(35)?
-14
Let r(t) = -6157*t - 86200. What is r(-14)?
-2
Let r(p) = 2*p**2 - 62*p + 161. Calculate r(0).
161
Let k(o) = 27*o - 189. Calculate k(11).
108
Let s(x) = x**2 - 31*x + 95. Give s(30).
65
Let n(a) = 2*a**3 + 123*a**2 - 113*a - 3170. What is n(-62)?
-8
Let b(h) = -3*h**2 - 16*h + 418. Give b(-15).
-17
Let y(j) = -165*j + 1165. Determine y(7).
10
Let u(f) = -5*f**2 - 3258*f + 3259. Calculate u(1).
-4
Let x(z) = z**3 - 67*z**2 - 73*z + 114. Give x(68).
-226
Let b(v) = 72*v - 3093. What is b(43)?
3
Let k(f) = 118*f + 2269. Calculate k(-20).
-91
Let y(n) = -26*n + 1172. Give y(50).
-128
Let i(p) = -p**3 - 45*p**2 - 129*p - 119. Calculate i(-42).
7
Let s(o) = 9*o**2 + 39*o + 7. Give s(-5).
37
Let r(d) = 9